4
In base 12, what is -2 + 3816aa15?
3816aa13
In base 3, what is -201220111 + -12000200?
-220221011
In base 9, what is 116 - -208471?
208587
In base 4, what is -10 - 20233323001?
-20233323011
In base 10, what is -14283 + 3662?
-10621
In base 4, what is -20112 - -132?
-13320
In base 3, what is 111101 - -10000212022?
10001100200
In base 13, what is 5204 - -7081?
c285
In base 7, what is -1150165 - -2226?
-1144636
In base 13, what is -172c + 441?
-12bb
In base 4, what is -1002232130 + 1303?
-1002230221
In base 2, what is -1110 - 10101100010100011100?
-10101100010100101010
In base 3, what is 20222210201211 - 21?
20222210201120
In base 14, what is 9 + 8211b2?
8211bb
In base 5, what is -112340 - -33230?
-24110
In base 6, what is -423551 + -1334?
-425325
In base 15, what is 9c65 + 99?
9d0e
In base 9, what is -3 + 56477871?
56477867
In base 12, what is -2485 - -3356?
a91
In base 11, what is 1064 - 114a6?
-10442
In base 15, what is 14 - 4e9b45?
-4e9b31
In base 14, what is 40 + c254?
c294
In base 8, what is 11420 + 6540?
20160
In base 9, what is 403517 - -108?
403626
In base 8, what is 1104251545 + 3?
1104251550
In base 4, what is -11002003 - -3022?
-10332321
In base 11, what is 11211a - -117?
112236
In base 14, what is -18d - 1022784?
-1022933
In base 11, what is 598 - -22394?
22981
In base 10, what is -240 - 364297?
-364537
In base 4, what is 213 + -1001333120?
-1001332301
In base 4, what is -231 - -13032310023?
13032303132
In base 6, what is 25102513550 + -3?
25102513543
In base 2, what is -10 + -1000101110010010101110?
-1000101110010010110000
In base 13, what is b + 4a6945b?
4a69469
In base 2, what is -1001100001 - -11100010100?
10010110011
In base 16, what is -1d03 - -4229?
2526
In base 13, what is 6 - -945a1?
945a7
In base 8, what is -1627315223 + 3?
-1627315220
In base 15, what is 873b0 - -b?
873bb
In base 8, what is 25045014 + -5?
25045007
In base 4, what is -2233013 + 2122230?
-110123
In base 16, what is 4b62 - 238d?
27d5
In base 11, what is -89244 - 5151?
-93395
In base 13, what is 85bb6c + -9b?
85baa1
In base 12, what is 48 + -23433b6?
-234336a
In base 16, what is -762 - -4a75?
4313
In base 6, what is -13523 - -20035551?
20022024
In base 13, what is 51c29 - 118?
51b11
In base 2, what is -1110011 - 1011000010111000000100?
-1011000010111001110111
In base 3, what is 1201210211112 - 22?
1201210211020
In base 12, what is -2222991 - -3?
-222298a
In base 4, what is 3 + 22002333331?
22003000000
In base 5, what is 2221 + -30111301?
-30104030
In base 9, what is -22 + -13773241?
-13773263
In base 5, what is 110110 - -24004311?
24114421
In base 7, what is -62040110 + -34?
-62040144
In base 16, what is -73df8 + 3?
-73df5
In base 9, what is 5 - 33311558?
-33311553
In base 5, what is -101 - -121004033?
121003432
In base 10, what is -55638781 + 2?
-55638779
In base 13, what is 10 + 246a249?
246a259
In base 15, what is 6 + -206836?
-206830
In base 5, what is 31 + -20133010?
-20132424
In base 9, what is -37011 + 66?
-36834
In base 5, what is -11 + 111201144?
111201133
In base 4, what is 320122212 - 100001?
320022211
In base 4, what is -32120300 - 23323?
-32210223
In base 12, what is 496 - 238a46?
-238570
In base 8, what is -2 + 754557162?
754557160
In base 11, what is -145157 + -58?
-145204
In base 3, what is 10221001 + 2212122?
20210200
In base 13, what is 131177a - 70?
131170a
In base 15, what is -19 - 45dc5?
-45dde
In base 16, what is -26 - -355381?
35535b
In base 14, what is -c45b7ab + 4?
-c45b7a7
In base 16, what is -a - -a046d?
a0463
In base 3, what is 2 + 210202121002212211?
210202121002212220
In base 13, what is -136531c4 - -1?
-136531c3
In base 16, what is -c8e9 + -295?
-cb7e
In base 7, what is 5 - -210366232?
210366240
In base 7, what is -1220265 + 1153?
-1216112
In base 10, what is 1 - 1391901?
-1391900
In base 11, what is -52384 + 3?
-52381
In base 2, what is 111000 - 110000101110011001?
-110000101101100001
In base 16, what is -4c895b89 - -3?
-4c895b86
In base 3, what is -1121 + 121021000000221?
121020222222100
In base 5, what is 23344231304 - 32?
23344231222
In base 9, what is -10401527246 - 5?
-10401527252
In base 14, what is 79d9985 + 4?
79d9989
In base 8, what is -520262 - -7?
-520253
In base 9, what is -3 + 24070150?
24070146
In base 3, what is -20021 + 1210002121101?
1210002101010
In base 5, what is 122403 - 110304?
12044
In base 7, what is -210 - -1605160?
1604650
In base 16, what is -b75114f + -1?
-b751150
In base 11, what is -5aa762 - -117?
-5aa646
In base 3, what is 1221 + 1012121112?
1012200110
In base 10, what is -264537 + -4?
-264541
In base 12, what is -113 + 4739b?
47288
In base 4, what is -13301033322121 - -3?
-13301033322112
In base 13, what is -2b + 24a3c5?
24a397
In base 7, what is 45 + -2156616?
-2156541
In base 6, what is 143 - 3054401?
-3054214
In base 15, what is 32d4ee + 5?
32d504
In base 5, what is 323 - 10020224?
-10014401
In base 4, what is -3222300 + -1000331?
-10223231
In base 14, what is 18095 - 333?
17b62
In base 12, what is 437549 + -7?
437542
In base 8, what is 204130 + -250?
203660
In base 13, what is 16b28022 - -1?
16b28023
In base 13, what is -10b0 - -641a3?
630c3
In base 3, what is -11220 - -20221211012221?
20221211001001
In base 2, what is 1101001100111011 + 1100101101110?
1110110010101001
In base 3, what is 1220 + 1112102222211?
1112110001201
In base 14, what is -2c3 + -b2c14?
-b30d7
In base 10, what is 4 - -31438258?
31438262
In base 14, what is 6d3d3987 + -5?
6d3d3982
In base 16, what is 29ca934 - 3?
29ca931
In base 7, what is 15153315 - 251?
15153034
In base 4, what is -2 - -1010232212012?
1010232212010
In base 16, what is d6 + -e9899?
-e97c3
In base 9, what is 4 - -121720107?
121720112
In base 6, what is 23321554 + -421?
23321133
In base 7, what is 161102320 - 2?
161102315
In base 13, what is 1006 + -4b637?
-4a631
In base 2, what is 1010000101110101000111110100 + -101?
1010000101110101000111101111
In base 13, what is 5 + 668508?
668510
In base 10, what is -2 + -23900461?
-23900463
In base 11, what is -1 + -4a80493?
-4a80494
In base 13, what is 4 + -18057292?
-1805728b
In base 6, what is 5200120 + 512?
5201032
In base 5, what is 3424 - -30032432?
30041411
In base 7, what is 1320506 - 13?
1320463
In base 4, what is -10310312112 - 11?
-10310312123
In base 5, what is -223 + -14423023?
-14423301
In base 13, what is -3 - 12786b?
-127871
In base 16, what is 15d91c3 - -3?
15d91c6
In base 12, what is -127 + -3a30?
-3b57
In base 5, what is -2010 - -2040021?
2033011
In base 15, what is 0 - d04ce10?
-d04ce10
In base 2, what is 1 - 11101000100000111010111?
-11101000100000111010110
In base 5, what is 132 + 143341030?
143341212
In base 12, what is -361 + -21a23?
-22184
In base 15, what is 31d7943 - -a?
31d794d
In base 4, what is 20012002301 - -2302?
20012011203
In base 10, what is 197 + 108606?
108803
In base 14, what is -5 + -105386?
-10538b
In base 8, what is 1 + -34441441?
-34441440
In base 15, what is -7 + 1222198?
1222191
In base 8, what is -140 - 2246444?
-2246604
In base 11, what is -4 + 1587361?
1587358
In base 11, what is 4 - -11098963?
11098967
In base 12, what is -15263 + -2958?
-17bbb
In base 10, what is -2 - -2934564?
2934562
In base 14, what is 2a0c2d - -11a?
2a0d49
In base 7, what is -3 + 313250?
313244
In base 9, what is 151 + 380135?
380286
In base 5, what is 1130 + -11210213?
-11204033
In base 4, what is -3101321 - -13220002?
10112021
In base 8, what is -12415 - 254270?
-266705
In base 14, what is 1023 - -7c4?
1807
In base 5, what is -3 + -114221412?
-114221420
In base 3, what is -11122 - 10220002?
-11001201
In base 7, what is 4 + 11345626?
11345633
In base 15, what is -11677 - 60?
-116d7
In base 14, what is 11d + -3ba962?
-3ba843
In base 15, what is -3 - -52d752?
52d74e
In base 2, what is 11 - 110101111011111100101110?
-110101111011111100101011
In base 13, what is -74394a - 1?
-74394b
In base 7, what is 2 - 551332322?
-551332320
In base 2, what is -110000111011100010001 - -1011110?
-110000111011010110011
In base 6, what is 2142230 + -135?
2142051
In base 9, what is 5 + 45687165?
45687171
In base 14, what is -1a - 641c93?
-641cad
In base 10, what is 85781 - 619?
85162
In base 6, what is -130 - 15534233?
-15534403
In base 2, what is -100010000001010101011 - 11001?
-100010000001011000100
In base 15, w